{"id":1073,"date":"2025-08-03T20:11:15","date_gmt":"2025-08-03T20:11:15","guid":{"rendered":"https:\/\/dadouda-musiclive.fr\/travail\/?page_id=1073"},"modified":"2025-08-03T23:27:07","modified_gmt":"2025-08-03T23:27:07","slug":"politique-de-confidentialite","status":"publish","type":"page","link":"https:\/\/dadouda-musiclive.fr\/travail\/politique-de-confidentialite\/","title":{"rendered":"Politique de confidentialit\u00e9"},"content":{"rendered":"\n<div class=\"wp-block-cover alignfull has-young-serif-regular-font-family\" style=\"margin-top:0;margin-bottom:0;padding-top:0px;padding-bottom:0px;min-height:143px;aspect-ratio:unset;\"><img decoding=\"async\" class=\"wp-block-cover__image-background wp-image-4206\" alt=\"\" src=\"https:\/\/tyler.com\/wp-content\/uploads\/sites\/5\/2023\/12\/surf-banner1.jpg\" style=\"object-position:100% 50%\" data-object-fit=\"cover\" data-object-position=\"100% 50%\"\/><span aria-hidden=\"true\" class=\"wp-block-cover__background has-background-dim-100 has-background-dim wp-block-cover__gradient-background has-background-gradient\" style=\"background:linear-gradient(181deg,rgb(48,62,81) 0%,rgb(0,0,0) 100%)\"><\/span><div class=\"wp-block-cover__inner-container has-global-padding is-layout-constrained wp-container-core-cover-is-layout-8443115b wp-block-cover-is-layout-constrained\">\n<h2 class=\"wp-block-heading has-text-align-center has-text-color has-link-color wp-elements-d0edcb31f368740eb49b5601ae82daa2\" style=\"color:#ffbf00;font-size:clamp(27.894px, 1.743rem + ((1vw - 3.2px) * 2.285), 48px);\">POLITIQUE DE CONFIDENTIALIT\u00c9<\/h2>\n<\/div><\/div>\n\n\n\n<div class=\"wp-block-group alignwide has-global-padding is-layout-constrained wp-container-core-group-is-layout-d9fa9046 wp-block-group-is-layout-constrained\" style=\"padding-top:var(--wp--preset--spacing--50);padding-bottom:var(--wp--preset--spacing--50)\">\n<p class=\"has-22-font-size has-archivo-font-family\">Cette politique de confidentialit\u00e9 vous informe sur la mani\u00e8re dont nous recueillons et utilisons vos donn\u00e9es personnelles lorsque vous utilisez ce site.<\/p>\n\n\n\n<p class=\"has-text-align-left has-text-color has-link-color wp-elements-4ddd031ae948c20717b966c55c0a93ac\" style=\"color:#ffbf00;font-size:clamp(27.894px, 1.743rem + ((1vw - 3.2px) * 2.285), 48px);font-style:normal;font-weight:100\">Responsable du traitement<\/p>\n\n\n\n<p class=\"has-22-font-size\">Responsable du traitement : Fr\u00e9mont Nicolas<br>Email : contact@dadouda-musiclive.fr<\/p>\n\n\n\n<p class=\"has-text-align-left has-text-color has-link-color wp-elements-1b230ec95deaba736b60ff295b43ef02\" style=\"color:#ffbf00;font-size:clamp(27.894px, 1.743rem + ((1vw - 3.2px) * 2.285), 48px);font-style:normal;font-weight:100\">Donn\u00e9es personnelles <\/p>\n\n\n\n<div class=\"wp-block-group alignwide has-global-padding is-layout-constrained wp-block-group-is-layout-constrained\">\n<ul class=\"wp-block-list\">\n<li>Votre nom, pr\u00e9nom, email (via formulaire de contact)<\/li>\n\n\n\n<li>Adresse IP et donn\u00e9es de navigation (via cookies d\u2019analyse anonymis\u00e9s)<\/li>\n<\/ul>\n<\/div>\n\n\n\n<p class=\"has-text-align-left has-text-color has-link-color wp-elements-d147132b3e4df9265be72bda8c6bcc08\" style=\"color:#ffbf00;font-size:clamp(27.894px, 1.743rem + ((1vw - 3.2px) * 2.285), 48px);font-style:normal;font-weight:100\">Finalit\u00e9s du traitement<\/p>\n\n\n\n<p class=\"has-22-font-size\">Vos donn\u00e9es sont collect\u00e9es pour :<\/p>\n\n\n\n<div class=\"wp-block-group alignwide has-global-padding is-layout-constrained wp-block-group-is-layout-constrained\">\n<ul class=\"wp-block-list\">\n<li>R\u00e9pondre \u00e0 vos messages via le formulaire de contact<\/li>\n\n\n\n<li>Mesurer l\u2019audience du site (via outils comme Google Analytics)<\/li>\n<\/ul>\n<\/div>\n\n\n\n<p class=\"has-text-align-left has-text-color has-link-color wp-elements-ef3f431cc9d95dd1bbc9bd7387cf856c\" style=\"color:#ffbf00;font-size:clamp(27.894px, 1.743rem + ((1vw - 3.2px) * 2.285), 48px);font-style:normal;font-weight:100\">Dur\u00e9e de conservation<\/p>\n\n\n\n<div class=\"wp-block-group alignwide has-global-padding is-layout-constrained wp-block-group-is-layout-constrained\">\n<ul class=\"wp-block-list\">\n<li>Les messages re\u00e7us via le formulaire sont conserv\u00e9s pendant un maximum de <strong>12 mois<\/strong>.<\/li>\n\n\n\n<li>Les donn\u00e9es de navigation sont conserv\u00e9es <strong>13 mois maximum<\/strong> (dur\u00e9e l\u00e9gale).<\/li>\n<\/ul>\n<\/div>\n\n\n\n<p class=\"has-text-align-left has-text-color has-link-color wp-elements-06108bf4139899b36b107c724bd985d8\" style=\"color:#ffbf00;font-size:clamp(27.894px, 1.743rem + ((1vw - 3.2px) * 2.285), 48px);font-style:normal;font-weight:100\">Vos droits<\/p>\n\n\n\n<p class=\"has-22-font-size\">Conform\u00e9ment au RGPD, vous pouvez :<\/p>\n\n\n\n<div class=\"wp-block-group alignwide has-global-padding is-layout-constrained wp-block-group-is-layout-constrained\">\n<ul class=\"wp-block-list\">\n<li>Demander l\u2019acc\u00e8s, la rectification ou la suppression de vos donn\u00e9es<\/li>\n\n\n\n<li>Vous opposer \u00e0 leur traitement ou en demander la limitation<\/li>\n<\/ul>\n<\/div>\n\n\n\n<p class=\"has-22-font-size\">Pour exercer ces droits, \u00e9crivez-nous \u00e0 : contact@dadouda-musiclive.fr<\/p>\n\n\n\n<p class=\"has-text-align-left has-text-color has-link-color wp-elements-4f53a605fadab4c144a377b2231a6b67\" style=\"color:#ffbf00;font-size:clamp(27.894px, 1.743rem + ((1vw - 3.2px) * 2.285), 48px);font-style:normal;font-weight:100\">Cookies<\/p>\n\n\n\n<p class=\"has-22-font-size\">Nous utilisons des cookies pour am\u00e9liorer l\u2019exp\u00e9rience utilisateur et mesurer l\u2019audience du site.<\/p>\n\n\n\n<p>Vous pouvez accepter, refuser ou personnaliser les cookies lors de votre premi\u00e8re visite via un bandeau d\u00e9di\u00e9.<\/p>\n\n\n\n<p class=\"has-text-align-left has-text-color has-link-color wp-elements-6ca00a726183fb263d125fbce993c371\" style=\"color:#ffbf00;font-size:clamp(27.894px, 1.743rem + ((1vw - 3.2px) * 2.285), 48px);font-style:normal;font-weight:100\">Outils utilis\u00e9s<\/p>\n\n\n\n<div class=\"wp-block-group alignwide has-global-padding is-layout-constrained wp-block-group-is-layout-constrained\">\n<ul class=\"wp-block-list\">\n<li>Google Analytics (statistiques anonymis\u00e9es)<\/li>\n\n\n\n<li>YouTube (pour les vid\u00e9os int\u00e9gr\u00e9es)<\/li>\n<\/ul>\n<\/div>\n\n\n\n<p class=\"has-22-font-size\"><\/p>\n<\/div>\n","protected":false},"excerpt":{"rendered":"<p>Cette politique de confidentialit\u00e9 vous informe sur la mani\u00e8re dont nous recueillons et utilisons vos donn\u00e9es personnelles lorsque vous utilisez ce site. Responsable du traitement Responsable du traitement : Fr\u00e9mont NicolasEmail : contact@dadouda-musiclive.fr Donn\u00e9es personnelles Finalit\u00e9s du traitement Vos donn\u00e9es sont collect\u00e9es pour : Dur\u00e9e de conservation Vos droits Conform\u00e9ment au RGPD, vous pouvez : [&hellip;]<\/p>\n","protected":false},"author":1,"featured_media":82,"parent":0,"menu_order":0,"comment_status":"closed","ping_status":"closed","template":"","meta":{"footnotes":""},"class_list":["post-1073","page","type-page","status-publish","has-post-thumbnail","hentry"],"_links":{"self":[{"href":"https:\/\/dadouda-musiclive.fr\/travail\/wp-json\/wp\/v2\/pages\/1073","targetHints":{"allow":["GET"]}}],"collection":[{"href":"https:\/\/dadouda-musiclive.fr\/travail\/wp-json\/wp\/v2\/pages"}],"about":[{"href":"https:\/\/dadouda-musiclive.fr\/travail\/wp-json\/wp\/v2\/types\/page"}],"author":[{"embeddable":true,"href":"https:\/\/dadouda-musiclive.fr\/travail\/wp-json\/wp\/v2\/users\/1"}],"replies":[{"embeddable":true,"href":"https:\/\/dadouda-musiclive.fr\/travail\/wp-json\/wp\/v2\/comments?post=1073"}],"version-history":[{"count":26,"href":"https:\/\/dadouda-musiclive.fr\/travail\/wp-json\/wp\/v2\/pages\/1073\/revisions"}],"predecessor-version":[{"id":1132,"href":"https:\/\/dadouda-musiclive.fr\/travail\/wp-json\/wp\/v2\/pages\/1073\/revisions\/1132"}],"wp:featuredmedia":[{"embeddable":true,"href":"https:\/\/dadouda-musiclive.fr\/travail\/wp-json\/wp\/v2\/media\/82"}],"wp:attachment":[{"href":"https:\/\/dadouda-musiclive.fr\/travail\/wp-json\/wp\/v2\/media?parent=1073"}],"curies":[{"name":"wp","href":"https:\/\/api.w.org\/{rel}","templated":true}]}}